o base 12.
-8913
Convert 12323202 (base 4) to base 6.
335230
Convert -681 (base 10) to base 2.
-1010101001
-2170 (base 15) to base 2
-1101110101000
What is -4242 (base 8) in base 9?
-3025
What is 231231 (base 4) in base 6?
21313
What is 930 (base 10) in base 2?
1110100010
Convert 11202 (base 4) to base 8.
542
10700 (base 9) to base 2
1101111011000
What is 1784 (base 12) in base 4?
230110
-16123 (base 11) to base 10
-22773
-605 (base 7) to base 11
-252
2ae (base 15) to base 3
211202
What is -1d9 (base 16) in base 8?
-731
Convert -12033 (base 6) to base 15.
-7b9
1cb9 (base 16) to base 9
11070
Convert 9391 (base 13) to base 7.
113320
-9a6 (base 16) to base 8
-4646
Convert -201110 (base 3) to base 4.
-20031
What is -11628 (base 12) in base 8?
-55500
112020010 (base 3) to base 16
2883
Convert -11110001 (base 2) to base 16.
-f1
100001111101000 (base 2) to base 6
212252
-548 (base 11) to base 7
-1626
-2578 (base 9) to base 2
-11110001110
What is -1100001 (base 2) in base 6?
-241
-30532 (base 6) to base 11
-3087
Convert 1ba (base 16) to base 2.
110111010
-1021011 (base 3) to base 13
-55c
-1010111111 (base 2) to base 3
-222001
103567 (base 8) to base 9
52512
1335 (base 8) to base 15
33d
What is 3453 (base 6) in base 2?
1100111001
Convert -11276 (base 9) to base 3.
-101022120
Convert 10103 (base 4) to base 2.
100010011
Convert -130 (base 14) to base 6.
-1034
Convert 10001201 (base 4) to base 16.
4061
-1ab2 (base 12) to base 10
-3302
110010111 (base 2) to base 5
3112
What is 2964 (base 10) in base 7?
11433
Convert 30113 (base 4) to base 12.
55b
What is -11201022 (base 3) in base 2?
-110101101101
-257 (base 15) to base 8
-1024
What is 263 (base 14) in base 4?
13133
Convert 101100000001011 (base 2) to base 3.
1010220210
What is -97aa (base 11) in base 6?
-135534
What is -c127 (base 15) in base 3?
-2001220201
What is 5326 (base 10) in base 5?
132301
What is 718 (base 11) in base 5?
11431
What is -541 (base 10) in base 16?
-21d
Convert 387 (base 13) to base 6.
2510
Convert -10013 (base 4) to base 10.
-263
What is a56 (base 16) in base 8?
5126
Convert -26236 (base 7) to base 9.
-10521
Convert -2193 (base 12) to base 15.
-1176
Convert -6836 (base 9) to base 12.
-2b13
What is -3314 (base 5) in base 6?
-2043
12213 (base 4) to base 10
423
102212111 (base 3) to base 13
3c28
12594 (base 10) to base 9
18243
26051 (base 7) to base 13
31a6
Convert 121103 (base 5) to base 14.
1916
Convert 1001000100101 (base 2) to base 9.
6331
Convert 3460 (base 8) to base 9.
2464
10936 (base 10) to base 15
3391
Convert -2728 (base 10) to base 8.
-5250
What is 2a0d (base 15) in base 10?
9013
634 (base 7) to base 8
477
b8a (base 15) to base 6
20021
115317 (base 9) to base 15
158e4
What is -2321 (base 5) in base 15?
-176
What is 325051 (base 6) in base 2?
110100110010111
Convert -393 (base 12) to base 2.
-1000011111
What is 240311 (base 5) in base 15?
293b
31011 (base 5) to base 3
2202022
Convert -29856 (base 10) to base 11.
-20482
What is -1130 (base 12) in base 6?
-12500
-241 (base 10) to base 6
-1041
What is 1648 (base 15) in base 12?
2935
What is 100210 (base 3) in base 5?
2024
Convert 2401 (base 7) to base 4.
31303
What is 7010 (base 11) in base 5?
244303
Convert 2011221012 (base 3) to base 10.
42962
Convert 291a (base 11) to base 10.
3772
Convert -1937 (base 13) to base 5.
-110024
1415 (base 16) to base 7
20663
What is -1a7 (base 13) in base 10?
-306
Convert -a3b (base 14) to base 8.
-3735
What is -1198a (base 16) in base 3?
-10122212102
Convert 1010011111011111 (base 2) to base 13.
1673a
-273 (base 11) to base 2
-101000010
Convert -1010001001101 (base 2) to base 13.
-249a
877b (base 13) to base 3
221212120
13201 (base 4) to base 16
1e1
What is -1331020 (base 4) in base 8?
-17510
Convert -caa5 (base 15) to base 6.
-530345
What is 1021220102 (base 3) in base 15?
7815
2252 (base 7) to base 4
30311
-1160 (base 9) to base 4
-31200
What is 20b5 (base 15) in base 4?
1230020
aa61 (base 14) to base 3
1111110001
What is 13010032 (base 4) in base 13?
10234
Convert a (base 12) to base 14.
a
Convert 34 (base 11) to base 8.
45
Convert 13a6 (base 16) to base 13.
239c
553 (base 11) to base 4
22113
Convert 1011001110 (base 2) to base 16.
2ce
-2656 (base 9) to base 16
-7cb
-110200 (base 3) to base 6
-1330
Convert -443 (base 15) to base 16.
-3c3
What is 1d (base 14) in base 9?
30
What is -767 (base 14) in base 5?
-21323
Convert -1202134 (base 6) to base 13.
-226cc
What is 2253 (base 7) in base 10?
822
Convert -311 (base 12) to base 16.
-1bd
What is -12025 (base 9) in base 4?
-1331222
What is -22130 (base 4) in base 13?
-3c5
What is -10042 (base 5) in base 7?
-1613
What is 10100011101111 (base 2) in base 13?
4a01
9093 (base 13) to base 16
4db5
Convert 286d (base 14) to base 10.
7153
What is 55b (base 13) in base 7?
2454
Convert -8b44 (base 14) to base 4.
-11321220
-2510a (base 11) to base 4
-20303210
Convert 9d3 (base 14) to base 15.
89e
Convert 4002 (base 7) to base 13.
819
What is 1813 (base 11) in base 14?
bb3
Convert 223 (base 4) to base 2.
101011
-1344114 (base 5) to base 16
-6d82
Convert -16028 (base 10) to base 4.
-3322130
What is -2924 (base 11) in base 7?
-14004
-623 (base 7) to base 6
-1235
What is -1ac2 (base 13) in base 8?
-7715
What is -11022212 (base 3) in base 10?
-3155
Convert 415 (base 6) to base 7.
311
1260 (base 9) to base 3
1022000
Convert 1000110011010 (base 2) to base 15.
1506
What is 11111011010010 (base 2) in base 5?
1003312
Convert 121 (base 13) to base 8.
304
Convert 9a (base 11) to base 7.
214
What is 23251 (base 6) in base 4?
310033
Convert 10010001110 (base 2) to base 9.
1535
11211 (base 6) to base 4
120313
What is -4254 (base 7) in base 10?
-1509
1312121 (base 4) to base 2
1110110011001
Convert -1634c (base 13) to base 9.
-64035
Convert 31532 (base 7) to base 11.
5964
Convert -1303 (base 7) to base 14.
-273
What is 11005 (base 9) in base 14?
2931
-12021120 (base 3) to base 11
-298a
What is 112300 (base 6) in base 4?
2112030
1212 (base 4) to base 14
74
-3c5b (base 13) to base 10
-8695
-11163 (base 10) to base 5
-324123
47b5 (base 13) to base 3
111212210
Convert -4130 (base 12) to base 11.
-5368
What is 48a (base 13) in base 4?
30112
-111022 (base 3) to base 12
-25b
What is 1122 (base 5) in base 4?
2202
Convert 100010000 (base 2) to base 5.
2042
Convert -1982 (base 12) to base 8.
-6062
Convert -1101110101110001 (base 2) to base 14.
-16933
9ac (base 13) to base 8
3177
Convert 15200 (base 6) to base 7.
10065
What is -38127 (base 9) in base 13?
-b87b
What is 1321 (base 10) in base 12?
921
What is -2130 (base 9) in base 7?
-4365
Convert -4320 (base 5) to base 14.
-2db
Convert 100001111010 (base 2) to base 6.
14014
Convert -130103 (base 4) to base 9.
-2432
5638 (base 10) to base 4
1120012
-1100222 (base 3) to base 11
-828
What is 322 (base 7) in base 5?
1123
Convert -1000110000110101 (base 2) to base 16.
-8c35
-1041 (base 7) to base 2
-101110100
Convert -51453 (base 10) to base 6.
-1034113
Convert 8700 (base 10) to base 5.
234300
What is -12200 (base 3) in base 13?
-ba
1043 (base 6) to base 11
201
-d4d (base 14) to base 16
-a39
-10712 (base 8) to base 16
-11ca
-724c (base 13) to base 16
-3da5
Convert 114070 (base 8) to base 15.
b82d
20122100 (base 3) to base 8
11352
2010112 (base 3) to base 5
22203
What is -20110101 (base 3) in base 5?
-122313
Convert -11011010001010 (base 2) to base 8.
-33212
Convert 40a7 (base 15) to base 4.
3111121
What is 4fe0 (base 16) in base 11?
143aa
Convert 399 (base 16) to base 11.
768
Convert -13170 (base 10) to base 2.
-11001101110010
2928 (base 12) to base 14
1a5a
What is 21101112 (base 3) in base 7?
21464
What is -2a5 (base 12) in base 7?
-1130
What is 1101220102 (base 3) in base 16?
6bf0
What is -54672 (base 9) in base 4?
-20312300
What is -11101 (base 8) in base 12?
-2855
Convert 5a1 (base 14) to base 15.
4eb
Convert -284 (base 13) to base 10.
-446
Convert 9ff (base 16) to base 6.
15503
1022112 (base 3) to base 7
2540
15a4 (base 11) to base 6
13254
What is -45b5 (base 12) in base 9?
-11582
Convert -2b55 (base 16) to base 14.
-4085
-2331 (base 8) to base 5
-14431
-176 (base 14) to base 5
-2200
What is -14543 (base 13) in base 16?
-9569
Convert 4012 (base 6) to base 9.
1168
1886 (base 14) to base 7
15626
What is 10110111000 (base 2) in base 3